 of 610133.
83, 7351
What are the prime factors of 1506631?
7, 31, 53, 131
What are the prime factors of 197999?
17, 19, 613
What are the prime factors of 175112?
2, 7, 53, 59
What are the prime factors of 3309069?
3, 41, 26903
What are the prime factors of 873092?
2, 11, 19843
What are the prime factors of 21032676?
2, 3, 7, 43, 647
What are the prime factors of 1840908?
2, 3, 153409
List the prime factors of 45044.
2, 11261
What are the prime factors of 5767892?
2, 13, 110921
What are the prime factors of 2513379?
3, 11, 76163
What are the prime factors of 163421?
17, 9613
What are the prime factors of 125853?
3, 7, 13, 461
What are the prime factors of 4349562?
2, 3, 7, 103561
List the prime factors of 46855.
5, 9371
What are the prime factors of 3218307?
3, 127, 8447
List the prime factors of 580137.
3, 193379
What are the prime factors of 1043870?
2, 5, 47, 2221
List the prime factors of 398754.
2, 3, 22153
List the prime factors of 2538317.
2538317
List the prime factors of 62358.
2, 3, 19, 547
What are the prime factors of 14381169?
3, 11, 103, 4231
List the prime factors of 3655580.
2, 5, 182779
List the prime factors of 21428007.
3, 17, 67, 6271
What are the prime factors of 2068966?
2, 37, 73, 383
What are the prime factors of 451423?
7, 64489
List the prime factors of 20600332.
2, 19, 271057
What are the prime factors of 1418907?
3, 7, 67567
List the prime factors of 5604408.
2, 3, 77839
List the prime factors of 9096483.
3, 11, 275651
What are the prime factors of 2773954?
2, 1386977
What are the prime factors of 22774046?
2, 19, 31543
List the prime factors of 22253.
7, 11, 17
What are the prime factors of 920960?
2, 5, 1439
List the prime factors of 1165983.
3, 7, 13, 4271
List the prime factors of 490899.
3, 163633
List the prime factors of 897526.
2, 7, 64109
What are the prime factors of 1447732?
2, 11, 13, 2531
List the prime factors of 307194.
2, 3, 51199
What are the prime factors of 264185?
5, 52837
List the prime factors of 283050.
2, 3, 5, 17, 37
What are the prime factors of 12994285?
5, 2598857
List the prime factors of 38024.
2, 7, 97
What are the prime factors of 9943150?
2, 5, 7, 28409
List the prime factors of 321234.
2, 3, 37, 1447
What are the prime factors of 934142?
2, 11, 42461
What are the prime factors of 13757822?
2, 13, 353, 1499
What are the prime factors of 6650932?
2, 1662733
What are the prime factors of 163829?
17, 23, 419
List the prime factors of 1767302.
2, 719, 1229
What are the prime factors of 4756355?
5, 263, 3617
List the prime factors of 380904.
2, 3, 59, 269
List the prime factors of 1798731.
3, 11, 18169
What are the prime factors of 19072500?
2, 3, 5, 2543
What are the prime factors of 4481372?
2, 7, 160049
List the prime factors of 1203844.
2, 300961
What are the prime factors of 337948?
2, 13, 67, 97
List the prime factors of 899811.
3, 11, 61, 149
What are the prime factors of 1850811?
3, 587, 1051
List the prime factors of 37800795.
3, 5, 757, 3329
What are the prime factors of 3573386?
2, 37, 43, 1123
List the prime factors of 8153899.
13, 31, 20233
What are the prime factors of 3716791?
13, 43, 61, 109
List the prime factors of 2204100.
2, 3, 5, 31, 79
List the prime factors of 5636.
2, 1409
What are the prime factors of 3008651?
53, 56767
What are the prime factors of 1888692?
2, 3, 13, 12107
What are the prime factors of 332343?
3, 11, 373
List the prime factors of 30295525.
5, 13, 31, 97
List the prime factors of 7219794.
2, 3, 439, 2741
List the prime factors of 5923358.
2, 7, 423097
What are the prime factors of 43240?
2, 5, 23, 47
What are the prime factors of 2211931?
2211931
List the prime factors of 4628.
2, 13, 89
List the prime factors of 681768.
2, 3, 17, 557
List the prime factors of 686062.
2, 13, 26387
List the prime factors of 1058546.
2, 529273
List the prime factors of 55613.
19, 2927
List the prime factors of 276641.
17, 16273
List the prime factors of 1659777.
3, 7, 1613
List the prime factors of 231554.
2, 115777
List the prime factors of 361958.
2, 71, 2549
List the prime factors of 329279.
59, 5581
List the prime factors of 5966028.
2, 3, 37, 1493
What are the prime factors of 361021?
29, 59, 211
List the prime factors of 6396672.
2, 3, 8329
What are the prime factors of 4867838?
2, 19, 53, 2417
What are the prime factors of 927360?
2, 3, 5, 7, 23
What are the prime factors of 13850882?
2, 6925441
List the prime factors of 222704.
2, 31, 449
What are the prime factors of 1155686?
2, 7, 82549
What are the prime factors of 5437465?
5, 11, 109, 907
List the prime factors of 6519881.
37, 176213
What are the prime factors of 6221985?
3, 5, 7, 11, 5387
List the prime factors of 3073573.
19, 83, 1949
List the prime factors of 4688896.
2, 19, 241
List the prime factors of 667823.
13, 47, 1093
List the prime factors of 2034429.
3, 223, 3041
List the prime factors of 914693.
13, 71, 991
What are the prime factors of 240962?
2, 211, 571
List the prime factors of 9389479.
11, 73, 1063
List the prime factors of 2235557.
2235557
What are the prime factors of 20803?
71, 293
List the prime factors of 2909706.
2, 3, 484951
List the prime factors of 148228.
2, 37057
List the prime factors of 3280622.
2, 1640311
What are the prime factors of 13137386?
2, 6568693
List the prime factors of 1061543.
7, 139, 1091
List the prime factors of 2067336.
2, 3, 17, 563
What are the prime factors of 58261?
7, 29, 41
What are the prime factors of 326402?
2, 293, 557
What are the prime factors of 1968048?
2, 3, 79, 173
List the prime factors of 3315227.
67, 49481
What are the prime factors of 403182?
2, 3, 13, 1723
What are the prime factors of 1467577?
439, 3343
What are the prime factors of 12110995?
5, 13, 23, 8101
What are the prime factors of 728627?
728627
List the prime factors of 36715214.
2, 18357607
List the prime factors of 2399584.
2, 11, 17, 401
What are the prime factors of 21623950?
2, 5, 432479
List the prime factors of 5884479.
3, 653831
What are the prime factors of 3402256?
2, 11, 13, 1487
List the prime factors of 1186732.
2, 296683
What are the prime factors of 373082?
2, 17, 10973
What are the prime factors of 166449?
3, 113, 491
What are the prime factors of 31628118?
2, 3, 37, 142469
What are the prime factors of 934511?
631, 1481
List the prime factors of 35986520.
2, 5, 41, 21943
List the prime factors of 7362043.
13, 566311
List the prime factors of 257487.
3, 85829
List the prime factors of 4607398.
2, 1493, 1543
What are the prime factors of 742416?
2, 3, 15467
List the prime factors of 902953.
902953
What are the prime factors of 145132?
2, 13, 2791
List the prime factors of 2577985.
5, 515597
List the prime factors of 325121.
139, 2339
List the prime factors of 64919.
64919
What are the prime factors of 33465924?
2, 3, 929609
What are the prime factors of 1207830?
2, 3, 5, 13, 19, 163
List the prime factors of 1109885.
5, 7, 19, 1669
What are the prime factors of 6187082?
2, 11, 17, 71, 233
List the prime factors of 2157848.
2, 7, 11, 31, 113
List the prime factors of 11774930.
2, 5, 193, 6101
What are the prime factors of 209875?
5, 23, 73
List the prime factors of 7376968.
2, 67, 13763
What are the prime factors of 6060212?
2, 1515053
List the prime factors of 251272.
2, 7, 641
List the prime factors of 357546.
2, 3, 7, 8513
What are the prime factors of 101127?
3, 13, 2593
List the prime factors of 797986.
2, 7, 56999
List the prime factors of 1349522.
2, 674761
List the prime factors of 7749390.
2, 3, 5, 11, 23, 1021
List the prime factors of 3767416.
2, 470927
What are the prime factors of 6186766?
2, 3093383
What are the prime factors of 275160?
2, 3, 5, 2293
What are the prime factors of 972515?
5, 19, 29, 353
What are the prime factors of 246223?
246223
What are the prime factors of 13680963?
3, 1520107
List the prime factors of 407697.
3, 135899
What are the prime factors of 1069679?
13, 107, 769
List the prime factors of 385301.
7, 19, 2897
What are the prime factors of 15979978?
2, 7, 163061
List the prime factors of 4590208.
2, 7, 47, 109
List the prime factors of 274374.
2, 3, 5081
List the prime factors of 1681490.
2, 5, 181, 929
List the prime factors of 2390351.
2390351
What are the prime factors of 14529?
3, 29, 167
List the prime factors of 